{"id":779,"date":"2024-09-02T19:27:49","date_gmt":"2024-09-02T17:27:49","guid":{"rendered":"https:\/\/www.medine-schopfloch.de\/24\/?page_id=779"},"modified":"2025-01-20T16:51:04","modified_gmt":"2025-01-20T15:51:04","slug":"prinzenpaare","status":"publish","type":"page","link":"https:\/\/www.medine-schopfloch.de\/24\/prinzenpaare\/","title":{"rendered":"Prinzenpaare"},"content":{"rendered":"\n<p>Das Prinzenpaar jeder Session ist in der Faschingszeit auch in unserem Verein nicht wegzudenken. Prinz und Prinzessin sind ein Symbol f\u00fcr ausgelassene Stimmung und sollen mit Witz, Charme und Humor das n\u00e4rrische Volk regieren.<br><br>Der Prinz, mit seinem Zepter in der Hand, symbolisiert Macht und Autorit\u00e4t. Die Prinzessin an seiner Seite stellt die liebliche Figur des Paares dar. Sie regiert mit Herz und Wohlwollen \u00fcber die n\u00e4rrischen Untertanen. In den Anfangsjahren des Vereins von 1937 bis 1939 gab es noch kein Prinzenpaar in der Medine. Erst als nach dem zweiten Weltkrieg im Jahr 1949 wieder Sitzungen in Schop\ufb02och stattfanden, regierte Prinz Karl I. allein das n\u00e4rrische Volk, und ab 1950 f\u00fchrt uns ein Prinzenpaar durch die n\u00e4rrische Session.<br><br>Wir sind dankbar, dass sich seit Jahrzehnten nicht nur Einwohner Schop\ufb02ochs, sondern auch aus dem Umkreis unserer Marktgemeinde, Enthusiasten \ufb01nden, die dieses Amt mit gro\u00dfem Spa\u00df ausf\u00fcllen.<\/p>\n\n\n<div class=\"pgc-sgb-cb wp-block-pgcsimplygalleryblock-albums \" data-gallery-id=\"album_8ce847\"><div class=\"sgb-preloader\" id=\"pr_album_8ce847\">\n\t<div class=\"sgb-square\" style=\"background:#d4d4d4\"><\/div>\n\t<div class=\"sgb-square\" style=\"background:#d4d4d4\"><\/div>\n\t<div class=\"sgb-square\" style=\"background:#d4d4d4\"><\/div>\n\t<div class=\"sgb-square\" style=\"background:#d4d4d4\"><\/div><\/div><div class=\"simply-gallery-amp pgc-sgb-album \" style=\"display: none;\"><div class=\"sgb-gallery\"><div class=\"sgb-item\" title=\"Prinzenpaare\"><a href=\"https:\/\/www.medine-schopfloch.de\/24\/pgc_simply_gallery\/prinzenpaare\/\" target=\"_blank\"><img decoding=\"async\" alt=\"Prinzenpaare\" width=\"250\" height=\"250\" loading=\"lazy\" src=\"https:\/\/www.medine-schopfloch.de\/24\/wp-content\/uploads\/2024\/09\/1951-150x150.jpg\" \/><\/a><div class=\"sgb-item-caption\"><em>Prinzenpaare<\/em><\/div><\/div><\/div><\/div><script type=\"application\/json\" class=\"sgb-data\">{\"presetName\":\"none\",\"skin\":\"albums\",\"galleryId\":\"album_8ce847\",\"taxonomyId\":\"19\",\"galleries\":[{\"title\":\"Prinzenpaare\",\"ID\":753,\"id\":753,\"modified\":\"2025-10-26 17:03:30\",\"date\":\"2024-09-02 18:19:47\",\"postLink\":\"https:\\\/\\\/www.medine-schopfloch.de\\\/24\\\/pgc_simply_gallery\\\/prinzenpaare\\\/\",\"type\":\"pgc_simply_gallery\",\"slug\":\"prinzenpaare\",\"thumbURL\":\"https:\\\/\\\/www.medine-schopfloch.de\\\/24\\\/wp-content\\\/uploads\\\/2024\\\/09\\\/1951-150x150.jpg\",\"thumb\":{\"thumbnail\":{\"height\":150,\"width\":150,\"url\":\"https:\\\/\\\/www.medine-schopfloch.de\\\/24\\\/wp-content\\\/uploads\\\/2024\\\/09\\\/1951-150x150.jpg\",\"orientation\":\"landscape\"},\"medium\":{\"height\":206,\"width\":300,\"url\":\"https:\\\/\\\/www.medine-schopfloch.de\\\/24\\\/wp-content\\\/uploads\\\/2024\\\/09\\\/1951-300x206.jpg\",\"orientation\":\"landscape\"},\"full\":{\"url\":\"https:\\\/\\\/www.medine-schopfloch.de\\\/24\\\/wp-content\\\/uploads\\\/2024\\\/09\\\/1951.jpg\",\"height\":550,\"width\":800,\"orientation\":\"landscape\"}}}],\"splashColumns\":1,\"coverTitleTextBgColor\":\"rgba(44,90,160,1)\",\"coverTipLabel\":\"Galerie \\u00f6ffnen\",\"coverTipTextSize\":18,\"sliderItemCounterEnable\":false,\"sliderCaptionSrc\":\"title\",\"sliderItemTitleEnable\":true,\"sliderItemTitleFontSize\":19}<\/script><script type=\"text\/javascript\">(function(){if(window.PGC_SGB && window.PGC_SGB.searcher){window.PGC_SGB.searcher.initBlocks()}})()<\/script><\/div>","protected":false},"excerpt":{"rendered":"<p>Das Prinzenpaar jeder Session ist in der Faschingszeit auch in unserem Verein nicht wegzudenken. Prinz und Prinzessin sind ein Symbol f\u00fcr ausgelassene<\/p>\n<p class=\"link-more\"><a class=\"myButt \" href=\"https:\/\/www.medine-schopfloch.de\/24\/prinzenpaare\/\">_(&#8230;)<\/a><\/p>\n","protected":false},"author":1,"featured_media":0,"parent":0,"menu_order":0,"comment_status":"closed","ping_status":"closed","template":"","meta":{"pgc_sgb_lightbox_settings":"{\"enableLightbox\":true,\"useGlobalPreset\":true,\"nativGalleryEnable\":true,\"nativeAttachment\":true,\"singletonAttachment\":true,\"groupingAllImages\":false,\"lightboxType\":\"classic\",\"copyRProtection\":false,\"copyRAlert\":\"Hello, this photo is mine!\",\"sliderScrollNavi\":false,\"sliderNextPrevAnimation\":\"animation\",\"galleryScrollPositionControll\":false,\"sliderVideoAutoPlay\":false,\"sliderTryPlayNext\":false,\"sliderVideoLoop\":false,\"sliderItemCounterEnable\":true,\"sliderItemTitleEnable\":false,\"sliderItemTitleFontSize\":18,\"sliderItemTitleTextColor\":\"rgba(255,255,255,1)\",\"itemCounterColor\":\"rgba(255,255,255,1)\",\"sliderThumbBarEnable\":true,\"sliderThumbBarHoverColor\":\"rgba(240,240,240,1)\",\"sliderBgColor\":\"rgba(255,255,255,0.8)\",\"sliderPreloaderColor\":\"rgba(240,240,240,1)\",\"sliderHeaderFooterBgColor\":\"rgba(0,0,0,0.4)\",\"sliderNavigationColor\":\"rgba(0,0,0,1)\",\"sliderNavigationColorOver\":\"rgba(255,255,255,1)\",\"sliderNavigationIconColor\":\"rgba(255,255,255,1)\",\"sliderNavigationIconColorOver\":\"rgba(0,0,0,1)\",\"sliderSlideshow\":true,\"sliderSlideshowDelay\":8,\"slideshowIndicatorColor\":\"rgba(255,255,255,1)\",\"slideshowIndicatorColorBg\":\"rgba(255,255,255,0.5)\",\"sliderThumbSubMenuBackgroundColor\":\"rgba(255,255,255,0)\",\"sliderThumbSubMenuBackgroundColorOver\":\"rgba(255,255,255,1)\",\"sliderThumbSubMenuIconColor\":\"rgba(255,255,255,1)\",\"sliderThumbSubMenuIconHoverColor\":\"rgba(0,0,0,1)\",\"sliderSocialShareEnabled\":true,\"sliderZoomEnable\":true,\"sliderFullscreenEnabled\":true,\"modaBgColor\":\"rgba(0,0,0,0.8)\",\"modalIconColor\":\"rgba(255,255,255,1)\",\"modalIconColorHover\":\"rgba(255,255,255,0.8)\",\"shareFacebook\":true,\"shareTwitter\":true,\"sharePinterest\":true,\"sliderItemDownload\":true,\"shareCopyLink\":true}","_price":"","_stock":"","_tribe_ticket_header":"","_tribe_default_ticket_provider":"","_tribe_ticket_capacity":"0","_ticket_start_date":"","_ticket_end_date":"","_tribe_ticket_show_description":"","_tribe_ticket_show_not_going":false,"_tribe_ticket_use_global_stock":"","_tribe_ticket_global_stock_level":"","_global_stock_mode":"","_global_stock_cap":"","_tribe_rsvp_for_event":"","_tribe_ticket_going_count":"","_tribe_ticket_not_going_count":"","_tribe_tickets_list":"[]","_tribe_ticket_has_attendee_info_fields":false,"footnotes":"","_tec_slr_enabled":"","_tec_slr_layout":""},"class_list":["post-779","page","type-page","status-publish","hentry"],"ticketed":false,"_links":{"self":[{"href":"https:\/\/www.medine-schopfloch.de\/24\/wp-json\/wp\/v2\/pages\/779","targetHints":{"allow":["GET"]}}],"collection":[{"href":"https:\/\/www.medine-schopfloch.de\/24\/wp-json\/wp\/v2\/pages"}],"about":[{"href":"https:\/\/www.medine-schopfloch.de\/24\/wp-json\/wp\/v2\/types\/page"}],"author":[{"embeddable":true,"href":"https:\/\/www.medine-schopfloch.de\/24\/wp-json\/wp\/v2\/users\/1"}],"replies":[{"embeddable":true,"href":"https:\/\/www.medine-schopfloch.de\/24\/wp-json\/wp\/v2\/comments?post=779"}],"version-history":[{"count":8,"href":"https:\/\/www.medine-schopfloch.de\/24\/wp-json\/wp\/v2\/pages\/779\/revisions"}],"predecessor-version":[{"id":1568,"href":"https:\/\/www.medine-schopfloch.de\/24\/wp-json\/wp\/v2\/pages\/779\/revisions\/1568"}],"wp:attachment":[{"href":"https:\/\/www.medine-schopfloch.de\/24\/wp-json\/wp\/v2\/media?parent=779"}],"curies":[{"name":"wp","href":"https:\/\/api.w.org\/{rel}","templated":true}]}}