{"id":56,"date":"2024-05-16T20:45:17","date_gmt":"2024-05-16T18:45:17","guid":{"rendered":"https:\/\/www.medine-schopfloch.de\/24\/?page_id=56"},"modified":"2024-09-25T00:38:47","modified_gmt":"2024-09-24T22:38:47","slug":"aktuelles","status":"publish","type":"page","link":"https:\/\/www.medine-schopfloch.de\/24\/aktuelles\/","title":{"rendered":"Aktuelles"},"content":{"rendered":"\n<div class=\"wp-block-query is-layout-flow wp-block-query-is-layout-flow\"><ul class=\"wp-block-post-template is-layout-flow wp-block-post-template-is-layout-flow\"><li class=\"wp-block-post post-1571 post type-post status-publish format-standard has-post-thumbnail hentry category-allgemein\">\n<h2 class=\"wp-block-post-title\"><a href=\"https:\/\/www.medine-schopfloch.de\/24\/sitzungstermine-der-medine-2026\/\" target=\"_self\" >Sitzungstermine der Medine 2026<\/a><\/h2>\n\n<figure class=\"alignwide wp-block-post-featured-image\"><a href=\"https:\/\/www.medine-schopfloch.de\/24\/sitzungstermine-der-medine-2026\/\" target=\"_self\"  ><img loading=\"lazy\" decoding=\"async\" width=\"2560\" height=\"1726\" src=\"https:\/\/www.medine-schopfloch.de\/24\/wp-content\/uploads\/2025\/10\/561A3841_DxO-scaled.jpg\" class=\"attachment-post-thumbnail size-post-thumbnail wp-post-image\" alt=\"Sitzungstermine der Medine 2026\" style=\"object-fit:cover;\" srcset=\"https:\/\/www.medine-schopfloch.de\/24\/wp-content\/uploads\/2025\/10\/561A3841_DxO-scaled.jpg 2560w, https:\/\/www.medine-schopfloch.de\/24\/wp-content\/uploads\/2025\/10\/561A3841_DxO-300x202.jpg 300w, https:\/\/www.medine-schopfloch.de\/24\/wp-content\/uploads\/2025\/10\/561A3841_DxO-1024x690.jpg 1024w, https:\/\/www.medine-schopfloch.de\/24\/wp-content\/uploads\/2025\/10\/561A3841_DxO-768x518.jpg 768w, https:\/\/www.medine-schopfloch.de\/24\/wp-content\/uploads\/2025\/10\/561A3841_DxO-1536x1035.jpg 1536w, https:\/\/www.medine-schopfloch.de\/24\/wp-content\/uploads\/2025\/10\/561A3841_DxO-2048x1381.jpg 2048w, https:\/\/www.medine-schopfloch.de\/24\/wp-content\/uploads\/2025\/10\/561A3841_DxO-600x404.jpg 600w\" sizes=\"auto, (max-width: 2560px) 100vw, 2560px\" \/><\/a><\/figure>\n\n<div class=\"wp-block-post-excerpt\"><p class=\"wp-block-post-excerpt__excerpt\">Langsam n\u00e4hern wir uns wieder der f\u00fcnften Jahreszeit und in Schopfloch sind die Vorbereitungen auf die n\u00e4rrische Session voll im Gange.Nachdem sich_(&#8230;) <\/p><\/div>\n\n\n<hr class=\"wp-block-separator has-css-opacity\"\/>\n\n\n<div class=\"wp-block-post-date\"><time datetime=\"2025-10-26T16:53:18+01:00\">26. Oktober 2025<\/time><\/div>\n<\/li><li class=\"wp-block-post post-956 post type-post status-publish format-standard has-post-thumbnail hentry category-allgemein\">\n<h2 class=\"wp-block-post-title\"><a href=\"https:\/\/www.medine-schopfloch.de\/24\/defibrillator-am-sportplatz-und-in-der-tsv-turnhalle\/\" target=\"_self\" >Defibrillator am Sportplatz und in der TSV Turnhalle<\/a><\/h2>\n\n<figure class=\"alignwide wp-block-post-featured-image\"><a href=\"https:\/\/www.medine-schopfloch.de\/24\/defibrillator-am-sportplatz-und-in-der-tsv-turnhalle\/\" target=\"_self\"  ><img loading=\"lazy\" decoding=\"async\" width=\"2560\" height=\"1706\" src=\"https:\/\/www.medine-schopfloch.de\/24\/wp-content\/uploads\/2024\/09\/6J8A7157-scaled.jpg\" class=\"attachment-post-thumbnail size-post-thumbnail wp-post-image\" alt=\"Defibrillator am Sportplatz und in der TSV Turnhalle\" style=\"object-fit:cover;\" srcset=\"https:\/\/www.medine-schopfloch.de\/24\/wp-content\/uploads\/2024\/09\/6J8A7157-scaled.jpg 2560w, https:\/\/www.medine-schopfloch.de\/24\/wp-content\/uploads\/2024\/09\/6J8A7157-300x200.jpg 300w, https:\/\/www.medine-schopfloch.de\/24\/wp-content\/uploads\/2024\/09\/6J8A7157-1024x683.jpg 1024w, https:\/\/www.medine-schopfloch.de\/24\/wp-content\/uploads\/2024\/09\/6J8A7157-768x512.jpg 768w, https:\/\/www.medine-schopfloch.de\/24\/wp-content\/uploads\/2024\/09\/6J8A7157-1536x1024.jpg 1536w, https:\/\/www.medine-schopfloch.de\/24\/wp-content\/uploads\/2024\/09\/6J8A7157-2048x1365.jpg 2048w, https:\/\/www.medine-schopfloch.de\/24\/wp-content\/uploads\/2024\/09\/6J8A7157-600x400.jpg 600w\" sizes=\"auto, (max-width: 2560px) 100vw, 2560px\" \/><\/a><\/figure>\n\n<div class=\"wp-block-post-excerpt\"><p class=\"wp-block-post-excerpt__excerpt\">Die F.G. Medine und er TSV Schopfloch haben zusammen einen Defibrillator angeschafft, der \u00fcber die Sommermonate am TSV Vereinsheim an der B25_(&#8230;) <\/p><\/div>\n\n\n<hr class=\"wp-block-separator has-css-opacity\"\/>\n\n\n<div class=\"wp-block-post-date\"><time datetime=\"2024-09-17T20:00:00+02:00\">17. September 2024<\/time><\/div>\n<\/li><li class=\"wp-block-post post-187 post type-post status-publish format-standard has-post-thumbnail hentry category-allgemein\">\n<h2 class=\"wp-block-post-title\"><a href=\"https:\/\/www.medine-schopfloch.de\/24\/heimatpreis-bayern-2022\/\" target=\"_self\" >Heimatpreis Bayern 2022<\/a><\/h2>\n\n<figure class=\"alignwide wp-block-post-featured-image\"><a href=\"https:\/\/www.medine-schopfloch.de\/24\/heimatpreis-bayern-2022\/\" target=\"_self\"  ><img loading=\"lazy\" decoding=\"async\" width=\"1140\" height=\"475\" src=\"https:\/\/www.medine-schopfloch.de\/24\/wp-content\/uploads\/2024\/05\/Heimatpreis_22_.jpg\" class=\"attachment-post-thumbnail size-post-thumbnail wp-post-image\" alt=\"Heimatpreis Bayern 2022\" style=\"object-fit:cover;\" srcset=\"https:\/\/www.medine-schopfloch.de\/24\/wp-content\/uploads\/2024\/05\/Heimatpreis_22_.jpg 1140w, https:\/\/www.medine-schopfloch.de\/24\/wp-content\/uploads\/2024\/05\/Heimatpreis_22_-600x250.jpg 600w, https:\/\/www.medine-schopfloch.de\/24\/wp-content\/uploads\/2024\/05\/Heimatpreis_22_-300x125.jpg 300w, https:\/\/www.medine-schopfloch.de\/24\/wp-content\/uploads\/2024\/05\/Heimatpreis_22_-1024x427.jpg 1024w, https:\/\/www.medine-schopfloch.de\/24\/wp-content\/uploads\/2024\/05\/Heimatpreis_22_-768x320.jpg 768w\" sizes=\"auto, (max-width: 1140px) 100vw, 1140px\" \/><\/a><\/figure>\n\n<div class=\"wp-block-post-excerpt\"><p class=\"wp-block-post-excerpt__excerpt\">Am 02.06.2022 wurde die F.G. Medine mit dem Heimatpreis Bayern ausgezeichnet. Aus den H\u00e4nden von Finanz- und Heimatminister Albert F\u00fcracker nahm eine_(&#8230;) <\/p><\/div>\n\n\n<hr class=\"wp-block-separator has-css-opacity\"\/>\n\n\n<div class=\"wp-block-post-date\"><time datetime=\"2022-06-09T01:44:19+02:00\">9. Juni 2022<\/time><\/div>\n<\/li><\/ul><\/div>\n","protected":false},"excerpt":{"rendered":"","protected":false},"author":1,"featured_media":0,"parent":0,"menu_order":0,"comment_status":"closed","ping_status":"closed","template":"","meta":{"pgc_sgb_lightbox_settings":"","_price":"","_stock":"","_tribe_ticket_header":"","_tribe_default_ticket_provider":"","_tribe_ticket_capacity":"0","_ticket_start_date":"","_ticket_end_date":"","_tribe_ticket_show_description":"","_tribe_ticket_show_not_going":false,"_tribe_ticket_use_global_stock":"","_tribe_ticket_global_stock_level":"","_global_stock_mode":"","_global_stock_cap":"","_tribe_rsvp_for_event":"","_tribe_ticket_going_count":"","_tribe_ticket_not_going_count":"","_tribe_tickets_list":"[]","_tribe_ticket_has_attendee_info_fields":false,"footnotes":"","_tec_slr_enabled":"","_tec_slr_layout":""},"class_list":["post-56","page","type-page","status-publish","hentry"],"ticketed":false,"_links":{"self":[{"href":"https:\/\/www.medine-schopfloch.de\/24\/wp-json\/wp\/v2\/pages\/56","targetHints":{"allow":["GET"]}}],"collection":[{"href":"https:\/\/www.medine-schopfloch.de\/24\/wp-json\/wp\/v2\/pages"}],"about":[{"href":"https:\/\/www.medine-schopfloch.de\/24\/wp-json\/wp\/v2\/types\/page"}],"author":[{"embeddable":true,"href":"https:\/\/www.medine-schopfloch.de\/24\/wp-json\/wp\/v2\/users\/1"}],"replies":[{"embeddable":true,"href":"https:\/\/www.medine-schopfloch.de\/24\/wp-json\/wp\/v2\/comments?post=56"}],"version-history":[{"count":9,"href":"https:\/\/www.medine-schopfloch.de\/24\/wp-json\/wp\/v2\/pages\/56\/revisions"}],"predecessor-version":[{"id":935,"href":"https:\/\/www.medine-schopfloch.de\/24\/wp-json\/wp\/v2\/pages\/56\/revisions\/935"}],"wp:attachment":[{"href":"https:\/\/www.medine-schopfloch.de\/24\/wp-json\/wp\/v2\/media?parent=56"}],"curies":[{"name":"wp","href":"https:\/\/api.w.org\/{rel}","templated":true}]}}

<div class="wp-block-query is-layout-flow wp-block-query-is-layout-flow"><ul class="wp-block-post-template is-layout-flow wp-block-post-template-is-layout-flow"><li class="wp-block-post post-1571 post type-post status-publish format-standard has-post-thumbnail hentry category-allgemein">
<h2 class="wp-block-post-title"><a href="https://www.medine-schopfloch.de/24/sitzungstermine-der-medine-2026/" target="_self" >Sitzungstermine der Medine 2026</a></h2>

<figure class="alignwide wp-block-post-featured-image"><a href="https://www.medine-schopfloch.de/24/sitzungstermine-der-medine-2026/" target="_self"  ><img loading="lazy" decoding="async" width="2560" height="1726" src="https://www.medine-schopfloch.de/24/wp-content/uploads/2025/10/561A3841_DxO-scaled.jpg" class="attachment-post-thumbnail size-post-thumbnail wp-post-image" alt="Sitzungstermine der Medine 2026" style="object-fit:cover;" srcset="https://www.medine-schopfloch.de/24/wp-content/uploads/2025/10/561A3841_DxO-scaled.jpg 2560w, https://www.medine-schopfloch.de/24/wp-content/uploads/2025/10/561A3841_DxO-300x202.jpg 300w, https://www.medine-schopfloch.de/24/wp-content/uploads/2025/10/561A3841_DxO-1024x690.jpg 1024w, https://www.medine-schopfloch.de/24/wp-content/uploads/2025/10/561A3841_DxO-768x518.jpg 768w, https://www.medine-schopfloch.de/24/wp-content/uploads/2025/10/561A3841_DxO-1536x1035.jpg 1536w, https://www.medine-schopfloch.de/24/wp-content/uploads/2025/10/561A3841_DxO-2048x1381.jpg 2048w, https://www.medine-schopfloch.de/24/wp-content/uploads/2025/10/561A3841_DxO-600x404.jpg 600w" sizes="auto, (max-width: 2560px) 100vw, 2560px" /></a></figure>

<div class="wp-block-post-excerpt"><p class="wp-block-post-excerpt__excerpt">Langsam nähern wir uns wieder der fünften Jahreszeit und in Schopfloch sind die Vorbereitungen auf die närrische Session voll im Gange.Nachdem sich_(&#8230;) </p></div>


<hr class="wp-block-separator has-css-opacity"/>


<div class="wp-block-post-date"><time datetime="2025-10-26T16:53:18+01:00">26. Oktober 2025</time></div>
</li><li class="wp-block-post post-956 post type-post status-publish format-standard has-post-thumbnail hentry category-allgemein">
<h2 class="wp-block-post-title"><a href="https://www.medine-schopfloch.de/24/defibrillator-am-sportplatz-und-in-der-tsv-turnhalle/" target="_self" >Defibrillator am Sportplatz und in der TSV Turnhalle</a></h2>

<figure class="alignwide wp-block-post-featured-image"><a href="https://www.medine-schopfloch.de/24/defibrillator-am-sportplatz-und-in-der-tsv-turnhalle/" target="_self"  ><img loading="lazy" decoding="async" width="2560" height="1706" src="https://www.medine-schopfloch.de/24/wp-content/uploads/2024/09/6J8A7157-scaled.jpg" class="attachment-post-thumbnail size-post-thumbnail wp-post-image" alt="Defibrillator am Sportplatz und in der TSV Turnhalle" style="object-fit:cover;" srcset="https://www.medine-schopfloch.de/24/wp-content/uploads/2024/09/6J8A7157-scaled.jpg 2560w, https://www.medine-schopfloch.de/24/wp-content/uploads/2024/09/6J8A7157-300x200.jpg 300w, https://www.medine-schopfloch.de/24/wp-content/uploads/2024/09/6J8A7157-1024x683.jpg 1024w, https://www.medine-schopfloch.de/24/wp-content/uploads/2024/09/6J8A7157-768x512.jpg 768w, https://www.medine-schopfloch.de/24/wp-content/uploads/2024/09/6J8A7157-1536x1024.jpg 1536w, https://www.medine-schopfloch.de/24/wp-content/uploads/2024/09/6J8A7157-2048x1365.jpg 2048w, https://www.medine-schopfloch.de/24/wp-content/uploads/2024/09/6J8A7157-600x400.jpg 600w" sizes="auto, (max-width: 2560px) 100vw, 2560px" /></a></figure>

<div class="wp-block-post-excerpt"><p class="wp-block-post-excerpt__excerpt">Die F.G. Medine und er TSV Schopfloch haben zusammen einen Defibrillator angeschafft, der über die Sommermonate am TSV Vereinsheim an der B25_(&#8230;) </p></div>


<hr class="wp-block-separator has-css-opacity"/>


<div class="wp-block-post-date"><time datetime="2024-09-17T20:00:00+02:00">17. September 2024</time></div>
</li><li class="wp-block-post post-187 post type-post status-publish format-standard has-post-thumbnail hentry category-allgemein">
<h2 class="wp-block-post-title"><a href="https://www.medine-schopfloch.de/24/heimatpreis-bayern-2022/" target="_self" >Heimatpreis Bayern 2022</a></h2>

<figure class="alignwide wp-block-post-featured-image"><a href="https://www.medine-schopfloch.de/24/heimatpreis-bayern-2022/" target="_self"  ><img loading="lazy" decoding="async" width="1140" height="475" src="https://www.medine-schopfloch.de/24/wp-content/uploads/2024/05/Heimatpreis_22_.jpg" class="attachment-post-thumbnail size-post-thumbnail wp-post-image" alt="Heimatpreis Bayern 2022" style="object-fit:cover;" srcset="https://www.medine-schopfloch.de/24/wp-content/uploads/2024/05/Heimatpreis_22_.jpg 1140w, https://www.medine-schopfloch.de/24/wp-content/uploads/2024/05/Heimatpreis_22_-600x250.jpg 600w, https://www.medine-schopfloch.de/24/wp-content/uploads/2024/05/Heimatpreis_22_-300x125.jpg 300w, https://www.medine-schopfloch.de/24/wp-content/uploads/2024/05/Heimatpreis_22_-1024x427.jpg 1024w, https://www.medine-schopfloch.de/24/wp-content/uploads/2024/05/Heimatpreis_22_-768x320.jpg 768w" sizes="auto, (max-width: 1140px) 100vw, 1140px" /></a></figure>

<div class="wp-block-post-excerpt"><p class="wp-block-post-excerpt__excerpt">Am 02.06.2022 wurde die F.G. Medine mit dem Heimatpreis Bayern ausgezeichnet. Aus den Händen von Finanz- und Heimatminister Albert Füracker nahm eine_(&#8230;) </p></div>


<hr class="wp-block-separator has-css-opacity"/>


<div class="wp-block-post-date"><time datetime="2022-06-09T01:44:19+02:00">9. Juni 2022</time></div>
</li></ul></div>
