{"id":270,"date":"2024-05-22T08:36:47","date_gmt":"2024-05-22T06:36:47","guid":{"rendered":"https:\/\/www.medine-schopfloch.de\/24\/?page_id=270"},"modified":"2024-09-02T16:25:45","modified_gmt":"2024-09-02T14:25:45","slug":"impressum","status":"publish","type":"page","link":"https:\/\/www.medine-schopfloch.de\/24\/impressum\/","title":{"rendered":"Impressum"},"content":{"rendered":"\n<h4 class=\"wp-block-heading\">Angaben gem\u00e4\u00df \u00a7 5 TMG<\/h4>\n\n\n\n<p><strong>Vereinsname:<\/strong><br>Fastnachtsgesellschaft Medine Schopfloch e.V.<br>(Abk. F.G. Medine Schopfloch e.V.)<\/p>\n\n\n\n<p><strong>Rechtsform:<\/strong><br>Eingetragener Verein (e.V.)<\/p>\n\n\n\n<p><strong>Registergericht:<\/strong><br>Amtsgericht Ansbach<\/p>\n\n\n\n<p><strong>Registernummer:<\/strong><br>VR 10277<\/p>\n\n\n\n<p><strong>Steuernummer:<\/strong><br>203\/110\/51386<\/p>\n\n\n\n<p><strong>Vertretungsberechtigter Vorstand und<br>verantwortlich f\u00fcr den Inhalt nach <\/strong><strong>\u00a7 55 Abs. 2 RStV:<\/strong><br>Bernd Ludwig<br>Deuenbach 3<br>91626 Schopfloch<br>Telefon: +49 (0) 9857 379<br>E-Mail Adresse: <a href=\"mailto:1.vorstand@medine-schopfloch.de\">1.vorstand@medine-schopfloch.de<\/a><\/p>\n\n\n\n<p><strong>Registrierte URL:<\/strong><br><a href=\"https:\/\/www.medine-schopfloch.de\/\">www.medine-schopfloch.de<\/a><\/p>\n\n\n\n<p><strong>Installation &amp; technische Umsetzung:<br><\/strong><a href=\"https:\/\/www.gepixel.de\" target=\"_blank\" rel=\"noreferrer noopener\">gepixel.de<\/a> Agentur f\u00fcr visuelle Kommunikation &#8211; Leutershausen<br>Soweit die Verarbeitung von Daten im Rahmen von Wartungsdiensten notwendig ist, erfolgt diese auf Grundlage eines Auftragsdatenverarbeitungsvertrags.<\/p>\n\n\n\n<p><strong>Hosting:<br><\/strong>Unser Web-Server wird durch die Strato AG betrieben. Soweit die Verarbeitung von Daten im Rahmen dieser T\u00e4tigkeit notwendig ist, erfolgt diese auf Grundlage eines Auftragsdatenverarbeitungsvertrags.<\/p>\n\n\n\n<p>Strato AG<br>Pascalstra\u00dfe 10<br>10587 Berlin<br>Telefon: +49 (0) 30 300 146 0<br>Telefax: +49 (0) 030 886 15 111<br>E-Mail: <a href=\"mailto:impressum@strato.de\">impressum@strato.de<\/a><\/p>\n\n\n\n<p><strong>Nutzungsbedingungen:<\/strong><br>Texte, Bilder, Grafiken sowie, die Gestaltung dieser Internetseiten, unterliegen dem Urheberrecht. Sie d\u00fcrfen im Rahmen des \u00a7 53 Urheberrechtsgesetz (UrhG) nur zum privaten oder sonstigem eigenen Gebrauch verwendet werden. Eine ganz oder teilweise vorgenommene Vervielf\u00e4ltigung, Verwendung oder Ver\u00f6ffentlichung dieser Seiten in anderen elektronischen oder gedruckten Publikationen, ist nur mit unserer vorherigen Zustimmung gestattet. Diese kann auf Anfrage durch die f\u00fcr den Inhalt verantwortlichen Personen erteilt werden. Der Nachdruck und Auswertung von Pressemitteilungen und Reden sind allgemein mit entsprechender Quellenangabe gestattet.<\/p>\n\n\n\n<hr class=\"wp-block-separator has-alpha-channel-opacity\"\/>\n\n\n\n<p><strong>Haftungsausschluss (Disclaimer)<\/strong><\/p>\n\n\n\n<p><strong>Haftung f\u00fcr Inhalte:<\/strong><br>Alle auf dieser Internetseite bereitgestellten Informationen haben wir nach bestem Wissen und Gewissen erarbeitet und gepr\u00fcft. Eine Gew\u00e4hr f\u00fcr die jederzeitige Aktualit\u00e4t, Richtigkeit, Vollst\u00e4ndigkeit und Verf\u00fcgbarkeit der bereit gestellten Informationen k\u00f6nnen wir allerdings nicht \u00fcbernehmen. Ein Vertragsverh\u00e4ltnis mit den Nutzern dieses Internetangebots kommt nicht zustande. Wir haften nicht f\u00fcr Sch\u00e4den, die durch die Nutzung dieses Internetangebots entstehen. F\u00fcr etwaige Sch\u00e4den, die beim Aufrufen oder Herunterladen von Daten, durch Schadsoftware oder der Installation oder Nutzung von Software verursacht werden, wird nicht gehaftet. Der Haftungsausschluss gilt nicht f\u00fcr Informationen, die in den Anwendungsbereich der Europ\u00e4ischen Dienstleistungsrichtlinie (Richtlinie 2006\/123\/EG \u2013 DLRL) fallen. F\u00fcr diese Informationen wird die Richtigkeit und Aktualit\u00e4t gew\u00e4hrleistet.<\/p>\n\n\n\n<p><strong>Links:<\/strong><br>Von unseren eigenen Inhalten sind Querverweise (\u201eLinks\u201c) auf Webseiten anderer Anbieter zu unterscheiden. Durch diese externen Links erm\u00f6glichen wir lediglich den Zugang zu einer Nutzung \u201efremder Inhalte\u201c nach \u00a7 8 Telemediengesetz (TMG). <strong>Wir sind f\u00fcr diese \u201efremden Inhalte\u201c nicht verantwortlich. <\/strong>Bei der erstmaligen Verkn\u00fcpfung mit diesen Internetangeboten haben wir diese \u201efremden\u201c Inhalte darauf \u00fcberpr\u00fcft, ob durch sie eine m\u00f6gliche zivilrechtliche oder strafrechtliche Verantwortlichkeit ausgel\u00f6st wird. Wir k\u00f6nnen diese fremden Inhalte aber nicht st\u00e4ndig auf Ver\u00e4nderungen \u00fcberpr\u00fcfen und daher auch keine Verantwortung daf\u00fcr \u00fcbernehmen.<\/p>\n\n\n\n<p><strong>Dementsprechend machen wir uns diese fremden Inhalte ausdr\u00fccklich nicht zu Eigen<\/strong>.<\/p>\n\n\n\n<p>F\u00fcr illegale, fehlerhafte oder unvollst\u00e4ndige Inhalte und insbesondere f\u00fcr Sch\u00e4den, die aus der Nutzung oder Nichtnutzung von Informationen Dritter entstehen, haftet allein der jeweilige Anbieter der Seite.<\/p>\n\n\n\n<p>Namentlich gekennzeichnete Internetseiten, wurden mit Zustimmung der namentlich Genannten verlinkt und geben die Auffassungen und Erkenntnisse der genannten Personen wieder. Nur die genannten Personen haften f\u00fcr die Inhalte und Datenschutzvorkehrungen dieser Seiten.<\/p>\n\n\n<div class=\"woocommerce woocommerce-gzd woocommerce-gzd-complaints-shortcode\">\n\t\t\t<h3>Alternative Streitbeilegung gem\u00e4\u00df Art. 14 Abs. 1 ODR-VO und \u00a7 36 VSBG:<\/h3>\n\t\nZur Teilnahme an einem Streitbeilegungsverfahren vor einer Verbraucherschlichtungsstelle sind wir nicht verpflichtet und nicht bereit.<\/div>","protected":false},"excerpt":{"rendered":"<p>Angaben gem\u00e4\u00df \u00a7 5 TMG Vereinsname:Fastnachtsgesellschaft Medine Schopfloch e.V.(Abk. F.G. Medine Schopfloch e.V.) Rechtsform:Eingetragener Verein (e.V.) Registergericht:Amtsgericht Ansbach Registernummer:VR 10277 Steuernummer:203\/110\/51386 Vertretungsberechtigter<\/p>\n<p class=\"link-more\"><a class=\"myButt \" href=\"https:\/\/www.medine-schopfloch.de\/24\/impressum\/\">_(&#8230;)<\/a><\/p>\n","protected":false},"author":1,"featured_media":0,"parent":0,"menu_order":0,"comment_status":"closed","ping_status":"closed","template":"","meta":{"pgc_sgb_lightbox_settings":"","_price":"","_stock":"","_tribe_ticket_header":"","_tribe_default_ticket_provider":"","_tribe_ticket_capacity":"0","_ticket_start_date":"","_ticket_end_date":"","_tribe_ticket_show_description":"","_tribe_ticket_show_not_going":false,"_tribe_ticket_use_global_stock":"","_tribe_ticket_global_stock_level":"","_global_stock_mode":"","_global_stock_cap":"","_tribe_rsvp_for_event":"","_tribe_ticket_going_count":"","_tribe_ticket_not_going_count":"","_tribe_tickets_list":"[]","_tribe_ticket_has_attendee_info_fields":false,"footnotes":"","_tec_slr_enabled":"","_tec_slr_layout":""},"class_list":["post-270","page","type-page","status-publish","hentry"],"ticketed":false,"_links":{"self":[{"href":"https:\/\/www.medine-schopfloch.de\/24\/wp-json\/wp\/v2\/pages\/270","targetHints":{"allow":["GET"]}}],"collection":[{"href":"https:\/\/www.medine-schopfloch.de\/24\/wp-json\/wp\/v2\/pages"}],"about":[{"href":"https:\/\/www.medine-schopfloch.de\/24\/wp-json\/wp\/v2\/types\/page"}],"author":[{"embeddable":true,"href":"https:\/\/www.medine-schopfloch.de\/24\/wp-json\/wp\/v2\/users\/1"}],"replies":[{"embeddable":true,"href":"https:\/\/www.medine-schopfloch.de\/24\/wp-json\/wp\/v2\/comments?post=270"}],"version-history":[{"count":4,"href":"https:\/\/www.medine-schopfloch.de\/24\/wp-json\/wp\/v2\/pages\/270\/revisions"}],"predecessor-version":[{"id":745,"href":"https:\/\/www.medine-schopfloch.de\/24\/wp-json\/wp\/v2\/pages\/270\/revisions\/745"}],"wp:attachment":[{"href":"https:\/\/www.medine-schopfloch.de\/24\/wp-json\/wp\/v2\/media?parent=270"}],"curies":[{"name":"wp","href":"https:\/\/api.w.org\/{rel}","templated":true}]}}