{"id":140,"date":"2024-05-17T00:05:30","date_gmt":"2024-05-16T22:05:30","guid":{"rendered":"https:\/\/www.medine-schopfloch.de\/24\/?page_id=140"},"modified":"2024-09-28T12:14:30","modified_gmt":"2024-09-28T10:14:30","slug":"kontakt","status":"publish","type":"page","link":"https:\/\/www.medine-schopfloch.de\/24\/kontakt\/","title":{"rendered":"Kontakt"},"content":{"rendered":"\n<h2 class=\"wp-block-heading\">Fastnachtsgesellschaft Medine Schopfloch e.V.<\/h2>\n\n\n\n<p>Mitglied im <a href=\"https:\/\/fastnacht-verband-franken.de\/\">Fastnacht-Verband Franken e.V.<\/a><br>Mitglied im <a href=\"https:\/\/www.karnevaldeutschland.eu\/\">Bund Deutscher Karneval e.V.<\/a><br>und in der <a href=\"http:\/\/www.n-e-g.eu\">N\u00e4rrischen Europ\u00e4ischen Gemeinschaft<\/a><\/p>\n\n\n\n<p>Sie k\u00f6nnen uns telefonisch, per Mail oder postalisch \u00fcber die folgenden Kontaktm\u00f6glichkeiten erreichen.<br>Wir melden uns sobald wie m\u00f6glich zur\u00fcck.<\/p>\n\n\n\n<p><strong>1. Vorsitzender<br><\/strong>Bernd Ludwig<br>Deuenbach 3<br>91626 Schopfloch<br>Tel.: 09857 379<br>Mail: <a href=\"mailto:1.vorstand@medine-schopfloch.de\">1.vorstand@medine-schopfloch.de<\/a><\/p>\n\n\n\n<p><strong>Kartenvorverkauf<\/strong><br>Claudia + Hanna Schehak<br>D\u00f6rrerstr. 19<br>91626 Schopfloch<br>Tel.: 0178 8283162<br>Mail: <a href=\"mailto:karten@medine-schopfloch.de\">karten@medine-schopfloch.de<\/a><\/p>\n\n\n\n<div class=\"wp-block-buttons is-horizontal is-content-justification-right is-layout-flex wp-container-core-buttons-is-layout-ae2fe186 wp-block-buttons-is-layout-flex\">\n<div class=\"wp-block-button\"><a class=\"wp-block-button__link has-background has-text-align-center wp-element-button\" href=\"https:\/\/www.medine-schopfloch.de\/24\/wp-content\/uploads\/2024\/05\/Satzung-Medine.pdf\" style=\"border-radius:14px;background-color:#ffcf27\" target=\"_blank\" rel=\"noreferrer noopener\">Satzung (PDF)<\/a><\/div>\n\n\n\n<div class=\"wp-block-button\"><a class=\"wp-block-button__link has-background wp-element-button\" href=\"https:\/\/www.medine-schopfloch.de\/24\/wp-content\/uploads\/2024\/05\/Aufnahmeantrag_DSGVO24.pdf\" style=\"border-radius:14px;background-color:#ffcf27\" target=\"_blank\" rel=\"noreferrer noopener\">Aufnahmeantrag (PDF)<\/a><\/div>\n<\/div>\n","protected":false},"excerpt":{"rendered":"<p>Fastnachtsgesellschaft Medine Schopfloch e.V. Mitglied im Fastnacht-Verband Franken e.V.Mitglied im Bund Deutscher Karneval e.V.und in der N\u00e4rrischen Europ\u00e4ischen Gemeinschaft Sie k\u00f6nnen uns<\/p>\n<p class=\"link-more\"><a class=\"myButt \" href=\"https:\/\/www.medine-schopfloch.de\/24\/kontakt\/\">_(&#8230;)<\/a><\/p>\n","protected":false},"author":1,"featured_media":0,"parent":0,"menu_order":0,"comment_status":"closed","ping_status":"closed","template":"","meta":{"pgc_sgb_lightbox_settings":"","_price":"","_stock":"","_tribe_ticket_header":"","_tribe_default_ticket_provider":"","_tribe_ticket_capacity":"0","_ticket_start_date":"","_ticket_end_date":"","_tribe_ticket_show_description":"","_tribe_ticket_show_not_going":false,"_tribe_ticket_use_global_stock":"","_tribe_ticket_global_stock_level":"","_global_stock_mode":"","_global_stock_cap":"","_tribe_rsvp_for_event":"","_tribe_ticket_going_count":"","_tribe_ticket_not_going_count":"","_tribe_tickets_list":"[]","_tribe_ticket_has_attendee_info_fields":false,"footnotes":"","_tec_slr_enabled":"","_tec_slr_layout":""},"class_list":["post-140","page","type-page","status-publish","hentry"],"ticketed":false,"_links":{"self":[{"href":"https:\/\/www.medine-schopfloch.de\/24\/wp-json\/wp\/v2\/pages\/140","targetHints":{"allow":["GET"]}}],"collection":[{"href":"https:\/\/www.medine-schopfloch.de\/24\/wp-json\/wp\/v2\/pages"}],"about":[{"href":"https:\/\/www.medine-schopfloch.de\/24\/wp-json\/wp\/v2\/types\/page"}],"author":[{"embeddable":true,"href":"https:\/\/www.medine-schopfloch.de\/24\/wp-json\/wp\/v2\/users\/1"}],"replies":[{"embeddable":true,"href":"https:\/\/www.medine-schopfloch.de\/24\/wp-json\/wp\/v2\/comments?post=140"}],"version-history":[{"count":4,"href":"https:\/\/www.medine-schopfloch.de\/24\/wp-json\/wp\/v2\/pages\/140\/revisions"}],"predecessor-version":[{"id":1016,"href":"https:\/\/www.medine-schopfloch.de\/24\/wp-json\/wp\/v2\/pages\/140\/revisions\/1016"}],"wp:attachment":[{"href":"https:\/\/www.medine-schopfloch.de\/24\/wp-json\/wp\/v2\/media?parent=140"}],"curies":[{"name":"wp","href":"https:\/\/api.w.org\/{rel}","templated":true}]}}